 2.
11010100000001111
What is 67369 (base 10) in base 2?
10000011100101001
Convert -3047504 (base 9) to base 8.
-6147737
What is -1241422140 (base 5) in base 2?
-1011101111000111000001
b5196 (base 12) to base 4
321313002
-4371043 (base 8) to base 7
-12665601
-112102111100 (base 3) to base 4
-1011110211
What is -331111112 (base 4) in base 3?
-110202121112
Convert -1599b31 (base 13) to base 14.
-cd3255
Convert 1001010101100100 (base 2) to base 14.
dd1a
-11341202442 (base 5) to base 15
-1263967
What is 24a843 (base 15) in base 8?
6547277
Convert -1111111001101110101 (base 2) to base 10.
-521077
Convert -11de0 (base 15) to base 13.
-20010
What is -2444311 (base 5) in base 2?
-1011011011101111
What is 253430522 (base 6) in base 10?
4934066
1d6 (base 16) to base 8
726
Convert 81583 (base 10) to base 16.
13eaf
What is -4760473 (base 9) in base 14?
-4b1b67
What is -4aa91 (base 15) in base 13?
-84808
What is -1313041241 (base 5) in base 3?
-20010020212020
What is 89b5 (base 14) in base 2?
101110101000011
41578 (base 12) to base 8
246754
Convert -484219 (base 11) to base 8.
-2731706
Convert -20230033220 (base 4) to base 9.
-4252308
What is 42a89 (base 14) in base 2?
100111010111010001
-3679c4 (base 14) to base 7
-21565434
-102213100 (base 4) to base 7
-435163
-1812369 (base 10) to base 6
-102502333
Convert -82771 (base 9) to base 13.
-1bac3
What is -20c10 (base 14) in base 8?
-232536
What is 1144a24 (base 11) in base 4?
13213232220
-201120002210212 (base 3) to base 13
-21cc3c2
Convert 103414663 (base 7) to base 6.
340353104
-3f601 (base 16) to base 15
-51daa
What is -14b3d (base 16) in base 10?
-84797
100000000011110110 (base 2) to base 9
220118
What is 4b86cb (base 16) in base 7?
60033430
Convert 1303022112 (base 4) to base 10.
471702
Convert -12063633 (base 8) to base 6.
-132431031
1001001011100001100 (base 2) to base 12
1260b8
-4dc26 (base 15) to base 3
-110122201100
-a2324 (base 12) to base 15
-42901
What is -218521 (base 9) in base 4?
-133331203
Convert -2a6391 (base 11) to base 9.
-806236
Convert 11030101233 (base 4) to base 9.
2503850
Convert 103394 (base 10) to base 6.
2114402
-11011110110100010110 (base 2) to base 7
-10520552
What is -10388 (base 15) in base 2?
-1100100011100100
What is -1b5124 (base 12) in base 10?
-485740
Convert -bc1a93 (base 13) to base 5.
-2113242322
What is 212100113133 (base 4) in base 8?
46202737
-134331 (base 14) to base 16
-a2467
What is 46137716 (base 8) in base 16?
98bfce
What is -24194 (base 15) in base 13?
-4051c
20c04 (base 14) to base 8
232524
What is 6ed5f6 (base 16) in base 7?
115512032
What is -1101466 (base 13) in base 12?
-18a9a57
Convert 412405 (base 7) to base 11.
48a86
Convert -11000000011111101 (base 2) to base 7.
-560224
Convert a65 (base 16) to base 12.
1659
Convert -133430 (base 9) to base 3.
-11010111000
230460265 (base 7) to base 3
222111102212221
10051 (base 11) to base 15
454c
11011100100111 (base 2) to base 13
6571
What is 10202110110220 (base 3) in base 9?
3673426
Convert -300505 (base 7) to base 12.
-253a7
-2a1724 (base 12) to base 9
-1287811
3c60 (base 15) to base 13
5b56
What is 81210 (base 9) in base 5?
3202023
What is 110101100001011010101010 (base 2) in base 3?
222101211020101
Convert -140240210 (base 5) to base 11.
-44697a
273139 (base 10) to base 6
5504311
What is 882117 (base 12) in base 13?
5a8305
What is -2acb6c (base 14) in base 6?
-52013124
3251500 (base 8) to base 16
d5340
What is -33123031 (base 5) in base 15?
-59b2b
-20034240 (base 6) to base 5
-121032340
Convert -115b0b (base 14) to base 2.
-10010000100011111111
5023210 (base 8) to base 16
142688
-70371 (base 13) to base 15
-3e636
Convert 1000746 (base 11) to base 2.
110110000101110101010
-101111100110101000101 (base 2) to base 16
-17cd45
What is 266233 (base 7) in base 5?
3101300
What is 433492 (base 10) in base 11?
276764
What is 10120201112 (base 3) in base 10?
70511
What is -166027 (base 12) in base 7?
-3155335
Convert -1002200200201102 (base 3) to base 7.
-251061020
What is 240355414 (base 6) in base 12?
1615b6a
Convert -201645 (base 7) to base 11.
-23838
-333330200 (base 4) to base 6
-5340332
What is 10102112201102 (base 3) in base 7?
21324455
-100001011100000001011 (base 2) to base 12
-44a0b7
-1904a (base 11) to base 4
-12200302
-11010101111101101000 (base 2) to base 14
-18b556
Convert 847473 (base 9) to base 4.
1323011001
Convert -1323542 (base 8) to base 7.
-3102156
What is -54ca16 (base 13) in base 6?
-110501342
What is -52321344 (base 7) in base 12?
-1587446
13019a (base 13) to base 4
1233220320
Convert 18829 (base 10) to base 9.
27741
What is 3301434 (base 6) in base 9?
268464
Convert -21131131103 (base 4) to base 12.
-9b71ab
-472773 (base 8) to base 15
-32bba
Convert 110222 (base 8) to base 14.
d6b8
What is 1514455050 (base 6) in base 16?
121a0a6
What is a9b34 (base 12) in base 16?
36d18
-616219 (base 10) to base 3
-1011022021221
2230311011 (base 4) to base 5
140123114
What is 101203320130 (base 4) in base 5?
2134302140
What is -235608 (base 9) in base 5?
-14020140
Convert -84678 (base 13) to base 12.
-b5b59
Convert 336260 (base 8) to base 4.
123302300
Convert -149397d (base 14) to base 15.
-d33c73
What is -110110021012 (base 3) in base 7?
-2040455
What is 80dad (base 15) in base 2?
1100011101000011000
What is -16d24 (base 15) in base 8?
-220152
3202221 (base 5) to base 2
1101000010111100
What is 633514 (base 7) in base 16?
1ab12
What is 11000010011 (base 2) in base 5?
22210
505102125 (base 6) to base 12
2a87945
What is -1e89af (base 16) in base 14?
-3a14bd
10340324 (base 5) to base 14
24b8d
Convert -225681 (base 9) to base 14.
-374d2
Convert -34524424 (base 6) to base 3.
-2000022021221
What is 4cc75 (base 16) in base 4?
1030301311
212aa6 (base 11) to base 2
1010011001011111011
Convert 1000111011011100010100 (base 2) to base 13.
63c4b4
-10dbc70 (base 15) to base 11
-690744a
Convert 1101116 (base 8) to base 12.
123012
Convert -343110102 (base 5) to base 14.
-2bd5ab
110222020020 (base 3) to base 13
8c29b
What is -101100010100011110101 (base 2) in base 9?
-2653131
Convert -8206114 (base 10) to base 6.
-451515134
Convert 22222301 (base 4) to base 11.
2a915
Convert -a08398 (base 12) to base 5.
-1120041232
-152969 (base 13) to base 5
-113120400
8404a2 (base 16) to base 15
b5d80d
What is 9984a2 (base 11) in base 13?
439abb
-23bc35 (base 13) to base 12
-352610
-1011001101010100101 (base 2) to base 16
-59aa5
Convert -54121532 (base 6) to base 13.
-43bc2c
What is 3309991 (base 13) in base 10?
15615718
What is 4790 (base 14) in base 7?
51240
Convert -710b84 (base 13) to base 4.
-22001333023
Convert -100010010100011101001100 (base 2) to base 8.
-42243514
101100110001110 (base 2) to base 8
54616
-4dc2a7 (base 16) to base 4
-103130022213
What is -101111111000101110011 (base 2) in base 15?
-20ede4
What is -185010 (base 14) in base 16?
-d1b06
-422967 (base 10) to base 2
-1100111010000110111
What is 502350340 (base 6) in base 13?
19c4811
What is -60282 (base 9) in base 10?
-39602
Convert -1202012110210 (base 3) to base 4.
-3202311003
-3464602 (base 7) to base 2
-1101010100000011001
What is 3030230202 (base 4) in base 13?
23481c
-1011101001010110010 (base 2) to base 13
-104913
What is 7b830 (base 15) in base 16?
60081
152151 (base 11) to base 8
717047
-41713a (base 12) to base 11
-642684
14086800 (base 9) to base 2
11010100100101111100011
Convert -3762242 (base 10) to base 3.
-21002010211022
Convert 2626521 (base 10) to base 7.
31216332
Convert -288638 (base 9) to base 13.
-626c9
-1010111010011100 (base 2) to base 11
-30647
Convert 50a88 (base 12) to base 10.
105224
100012210002 (base 3) to base 16
2c471
b707e7 (base 16) to base 2
101101110000011111100111
Convert 20202100100011 (base 3) to base 7.
42335614
What is 122343311 (base 5) in base 10?
590456
Convert 450236 (base 9) to base 3.
111200021020
Convert 374688 (base 12) to base 3.
1200200220212
122011021222 (base 3) to base 15
6a112
What is -163607 (base 11) in base 2?
-111101111010110111
What is 21202100102021 (base 3) in base 8?
17560044
What is 10afd (base 16) in base 9?
113673
What is -127dd (base 14) in base 5?
-2423341
What is -153b1 (base 14) in base 16?
-ce8f
Convert 249e9 (base 15) to base 2.
11100100100000010
Convert 1023023231 (base 4) to base 15.
6139e
What is 10